{"id":1357,"date":"2017-02-13T15:23:48","date_gmt":"2017-02-13T14:23:48","guid":{"rendered":"http:\/\/astrojeje.com\/?page_id=1357"},"modified":"2017-02-13T16:15:49","modified_gmt":"2017-02-13T15:15:49","slug":"allsky-maison","status":"publish","type":"page","link":"http:\/\/astrojeje.com\/index.php\/allsky-maison\/","title":{"rendered":"Allsky &#8220;maison&#8221;"},"content":{"rendered":"<div id=\"pl-1357\"  class=\"panel-layout\" ><div id=\"pg-1357-0\"  class=\"panel-grid panel-no-style\" ><div id=\"pgc-1357-0-0\"  class=\"panel-grid-cell\" ><div id=\"panel-1357-0-0-0\" class=\"so-panel widget widget_sow-editor panel-first-child panel-last-child\" data-index=\"0\" ><div\n\t\t\t\n\t\t\tclass=\"so-widget-sow-editor so-widget-sow-editor-base\"\n\t\t\t\n\t\t>\n<div class=\"siteorigin-widget-tinymce textwidget\">\n\t<p align=\"left\">Une page pour vous pr\u00e9senter la conception de mon allsky \"tout le ciel\".\u00a0<\/p>\n<p align=\"left\">Visible en live sur la page m\u00e9t\u00e9o :\u00a0<a href=\"http:\/\/astrojeje.com\/index.php\/allsky-live\/\">http:\/\/astrojeje.com\/index.php\/allsky-live\/<\/a><\/p>\n<p align=\"left\">En remote il est important de conna\u00eetre \u00e0 distance les conditions de m\u00e9t\u00e9o, certes il existe le \"Cloud Watcher\" pour avoir l'information en live, mais le allsky offre une large vision du ciel sur 360\u00b0 quelque soit la situation de jour comme de nuit.<\/p>\n<p>Il existe sur le march\u00e9 des allsky mais \u00e0 des prix trop important.<\/p>\n<p>Alors un peu de mat\u00e9riels des id\u00e9es et voil\u00e0 le allsky op\u00e9rationnel pour l'observatoire. Je vous invite \u00e0 d\u00e9couvrir en image ma conception simple et efficace.<\/p>\n<p>L'objectif : Un produit esth\u00e9tique, solide contre les attaques m\u00e9t\u00e9orologiques, facile \u00e0 r\u00e9aliser, des mat\u00e9riaux robustes et pas cher.<\/p>\n<\/div>\n<\/div><\/div><\/div><div id=\"pgc-1357-0-1\"  class=\"panel-grid-cell\" ><div id=\"panel-1357-0-1-0\" class=\"so-panel widget widget_sow-image panel-first-child panel-last-child\" data-index=\"1\" ><div\n\t\t\t\n\t\t\tclass=\"so-widget-sow-image so-widget-sow-image-default-8b5b6f678277-1357\"\n\t\t\t\n\t\t>\n<div class=\"sow-image-container\">\n\t\t\t<a href=\"http:\/\/astrojeje.com\/wp-content\/uploads\/2017\/02\/montage_sur_le_mat.jpg\"\n\t\t\ttarget=\"_blank\" rel=\"noopener noreferrer\" \t\t>\n\t\t\t<img \n\tsrc=\"http:\/\/astrojeje.com\/wp-content\/uploads\/2017\/02\/montage_sur_le_mat-1024x686.jpg\" width=\"843\" height=\"565\" srcset=\"http:\/\/astrojeje.com\/wp-content\/uploads\/2017\/02\/montage_sur_le_mat.jpg 1024w, http:\/\/astrojeje.com\/wp-content\/uploads\/2017\/02\/montage_sur_le_mat-300x201.jpg 300w, http:\/\/astrojeje.com\/wp-content\/uploads\/2017\/02\/montage_sur_le_mat-768x515.jpg 768w, http:\/\/astrojeje.com\/wp-content\/uploads\/2017\/02\/montage_sur_le_mat-272x182.jpg 272w\" sizes=\"(max-width: 843px) 100vw, 843px\" alt=\"\" \t\tclass=\"so-widget-image\"\/>\n\t\t\t<\/a><\/div>\n\n<\/div><\/div><\/div><\/div><div id=\"pg-1357-1\"  class=\"panel-grid panel-no-style\" ><div id=\"pgc-1357-1-0\"  class=\"panel-grid-cell\" ><div id=\"panel-1357-1-0-0\" class=\"so-panel widget widget_sow-image panel-first-child panel-last-child\" data-index=\"2\" ><div\n\t\t\t\n\t\t\tclass=\"so-widget-sow-image so-widget-sow-image-default-8b5b6f678277-1357\"\n\t\t\t\n\t\t><h3 class=\"widget-title\">Le globe en plexiglas, pi\u00e8ce la plus importante trouv\u00e9 sur Ebay :<\/h3>\n<div class=\"sow-image-container\">\n\t\t\t<a href=\"http:\/\/astrojeje.com\/wp-content\/uploads\/2017\/02\/globe_plexi.jpg\"\n\t\t\ttarget=\"_blank\" rel=\"noopener noreferrer\" \t\t>\n\t\t\t<img \n\tsrc=\"http:\/\/astrojeje.com\/wp-content\/uploads\/2017\/02\/globe_plexi-300x244.jpg\" width=\"300\" height=\"244\" srcset=\"http:\/\/astrojeje.com\/wp-content\/uploads\/2017\/02\/globe_plexi-300x244.jpg 300w, http:\/\/astrojeje.com\/wp-content\/uploads\/2017\/02\/globe_plexi.jpg 335w\" sizes=\"(max-width: 300px) 100vw, 300px\" title=\"Le globe en plexiglas, pi\u00e8ce la plus importante trouv\u00e9 sur Ebay :\" alt=\"\" \t\tclass=\"so-widget-image\"\/>\n\t\t\t<\/a><\/div>\n\n<\/div><\/div><\/div><div id=\"pgc-1357-1-1\"  class=\"panel-grid-cell\" ><div id=\"panel-1357-1-1-0\" class=\"so-panel widget widget_sow-image panel-first-child panel-last-child\" data-index=\"3\" ><div\n\t\t\t\n\t\t\tclass=\"so-widget-sow-image so-widget-sow-image-default-8b5b6f678277-1357\"\n\t\t\t\n\t\t><h3 class=\"widget-title\">Cam\u00e9ra monochrome DMK 21 The Imaging Source<\/h3>\n<div class=\"sow-image-container\">\n\t\t\t<a href=\"http:\/\/astrojeje.com\/wp-content\/uploads\/2017\/02\/dmk_samall.jpg\"\n\t\t\ttarget=\"_blank\" rel=\"noopener noreferrer\" \t\t>\n\t\t\t<img \n\tsrc=\"http:\/\/astrojeje.com\/wp-content\/uploads\/2017\/02\/dmk_samall-300x226.jpg\" width=\"300\" height=\"226\" srcset=\"http:\/\/astrojeje.com\/wp-content\/uploads\/2017\/02\/dmk_samall-300x226.jpg 300w, http:\/\/astrojeje.com\/wp-content\/uploads\/2017\/02\/dmk_samall.jpg 407w\" sizes=\"(max-width: 300px) 100vw, 300px\" title=\"Cam\u00e9ra monochrome DMK 21 The Imaging Source\" alt=\"\" \t\tclass=\"so-widget-image\"\/>\n\t\t\t<\/a><\/div>\n\n<\/div><\/div><\/div><div id=\"pgc-1357-1-2\"  class=\"panel-grid-cell\" ><div id=\"panel-1357-1-2-0\" class=\"so-panel widget widget_sow-image panel-first-child panel-last-child\" data-index=\"4\" ><div\n\t\t\t\n\t\t\tclass=\"so-widget-sow-image so-widget-sow-image-default-8b5b6f678277-1357\"\n\t\t\t\n\t\t><h3 class=\"widget-title\">L'objectif : Megapixel Fisheye Lens 1\/3\" 1.25 mm, monture CS pour DMK<\/h3>\n<div class=\"sow-image-container\">\n\t\t\t<a href=\"http:\/\/astrojeje.com\/wp-content\/uploads\/2017\/02\/objectif_small.jpg\"\n\t\t\ttarget=\"_blank\" rel=\"noopener noreferrer\" \t\t>\n\t\t\t<img \n\tsrc=\"http:\/\/astrojeje.com\/wp-content\/uploads\/2017\/02\/objectif_small-300x300.jpg\" width=\"300\" height=\"300\" srcset=\"http:\/\/astrojeje.com\/wp-content\/uploads\/2017\/02\/objectif_small-300x300.jpg 300w, http:\/\/astrojeje.com\/wp-content\/uploads\/2017\/02\/objectif_small-150x150.jpg 150w, http:\/\/astrojeje.com\/wp-content\/uploads\/2017\/02\/objectif_small.jpg 356w\" sizes=\"(max-width: 300px) 100vw, 300px\" title=\"L&#039;objectif : Megapixel Fisheye Lens 1\/3&quot; 1.25 mm, monture CS pour DMK\" alt=\"\" \t\tclass=\"so-widget-image\"\/>\n\t\t\t<\/a><\/div>\n\n<\/div><\/div><\/div><\/div><div id=\"pg-1357-2\"  class=\"panel-grid panel-no-style\" ><div id=\"pgc-1357-2-0\"  class=\"panel-grid-cell\" ><div id=\"panel-1357-2-0-0\" class=\"so-panel widget widget_sow-image panel-first-child panel-last-child\" data-index=\"5\" ><div\n\t\t\t\n\t\t\tclass=\"so-widget-sow-image so-widget-sow-image-default-8b5b6f678277-1357\"\n\t\t\t\n\t\t>\n<div class=\"sow-image-container\">\n\t\t\t<a href=\"http:\/\/astrojeje.com\/wp-content\/uploads\/2017\/02\/montage_globe.jpg\"\n\t\t\t\t\t>\n\t\t\t<img \n\tsrc=\"http:\/\/astrojeje.com\/wp-content\/uploads\/2017\/02\/montage_globe-300x241.jpg\" width=\"300\" height=\"241\" srcset=\"http:\/\/astrojeje.com\/wp-content\/uploads\/2017\/02\/montage_globe-300x241.jpg 300w, http:\/\/astrojeje.com\/wp-content\/uploads\/2017\/02\/montage_globe-768x616.jpg 768w, http:\/\/astrojeje.com\/wp-content\/uploads\/2017\/02\/montage_globe-1024x822.jpg 1024w, http:\/\/astrojeje.com\/wp-content\/uploads\/2017\/02\/montage_globe.jpg 1039w\" sizes=\"(max-width: 300px) 100vw, 300px\" alt=\"\" \t\tclass=\"so-widget-image\"\/>\n\t\t\t<\/a><\/div>\n\n<\/div><\/div><\/div><div id=\"pgc-1357-2-1\"  class=\"panel-grid-cell\" ><div id=\"panel-1357-2-1-0\" class=\"so-panel widget widget_sow-editor panel-first-child panel-last-child\" data-index=\"6\" ><div\n\t\t\t\n\t\t\tclass=\"so-widget-sow-editor so-widget-sow-editor-base\"\n\t\t\t\n\t\t>\n<div class=\"siteorigin-widget-tinymce textwidget\">\n\t<p>- Pour la base un disque en PVC de 15 mm (r\u00e9cup\u00e9ration),<\/p>\n<p>- Pour le rev\u00eatement un caoutchouc noir, (bande noire rainur\u00e9e),<\/p>\n<p>- R\u00e9sistances chauffantes \"cube\" c\u00e9ramique,<\/p>\n<p align=\"left\">- un transfo 12 v pour l'alimentation des r\u00e9sistances chauffantes, mont\u00e9 sur la prise de courant Power Manager pilotable \u00e0 distance via le PC<\/p>\n<p>- Vis, c\u00e2ble etc...<\/p>\n<\/div>\n<\/div><\/div><\/div><\/div><div id=\"pg-1357-3\"  class=\"panel-grid panel-no-style\" ><div id=\"pgc-1357-3-0\"  class=\"panel-grid-cell\" ><div id=\"panel-1357-3-0-0\" class=\"so-panel widget widget_sow-editor panel-first-child panel-last-child\" data-index=\"7\" ><div\n\t\t\t\n\t\t\tclass=\"so-widget-sow-editor so-widget-sow-editor-base\"\n\t\t\t\n\t\t>\n<div class=\"siteorigin-widget-tinymce textwidget\">\n\t<p>Pour le montage, j'ai d\u00e9coup\u00e9 une plaque en PVC en forme circulaire qui servira de base pour la fixation du globe et des r\u00e9sistances. (<span class=\"Style16\">1<\/span>). Cr\u00e9ation de la mortaise pour le passage du corps de la DMK pour en suite la maintenir par une pi\u00e8ce en aluminium (<span class=\"Style16\">2<\/span>).<\/p>\n<\/div>\n<\/div><\/div><\/div><div id=\"pgc-1357-3-1\"  class=\"panel-grid-cell\" ><div id=\"panel-1357-3-1-0\" class=\"so-panel widget widget_sow-image panel-first-child panel-last-child\" data-index=\"8\" ><div\n\t\t\t\n\t\t\tclass=\"so-widget-sow-image so-widget-sow-image-default-8b5b6f678277-1357\"\n\t\t\t\n\t\t>\n<div class=\"sow-image-container\">\n\t\t\t<a href=\"http:\/\/astrojeje.com\/wp-content\/uploads\/2017\/02\/disque_pvc.jpg\"\n\t\t\ttarget=\"_blank\" rel=\"noopener noreferrer\" \t\t>\n\t\t\t<img \n\tsrc=\"http:\/\/astrojeje.com\/wp-content\/uploads\/2017\/02\/disque_pvc-272x182.jpg\" width=\"272\" height=\"182\" sizes=\"(max-width: 272px) 100vw, 272px\" alt=\"\" \t\tclass=\"so-widget-image\"\/>\n\t\t\t<\/a><\/div>\n\n<\/div><\/div><\/div><div id=\"pgc-1357-3-2\"  class=\"panel-grid-cell\" ><div id=\"panel-1357-3-2-0\" class=\"so-panel widget widget_sow-editor panel-first-child panel-last-child\" data-index=\"9\" ><div\n\t\t\t\n\t\t\tclass=\"so-widget-sow-editor so-widget-sow-editor-base\"\n\t\t\t\n\t\t>\n<div class=\"siteorigin-widget-tinymce textwidget\">\n\t<p>Pose de la couche noire caoutchouc (<span class=\"Style16\">3<\/span>) et d\u00e9coupe pour le passage de l'objectif (<span class=\"Style16\">4<\/span>). Fixation des 2 r\u00e9sistances (<span class=\"Style16\">5<\/span>) soud\u00e9es en parall\u00e8le (image du dessus).<\/p>\n<\/div>\n<\/div><\/div><\/div><div id=\"pgc-1357-3-3\"  class=\"panel-grid-cell\" ><div id=\"panel-1357-3-3-0\" class=\"so-panel widget widget_sow-image panel-first-child panel-last-child\" data-index=\"10\" ><div\n\t\t\t\n\t\t\tclass=\"so-widget-sow-image so-widget-sow-image-default-8b5b6f678277-1357\"\n\t\t\t\n\t\t>\n<div class=\"sow-image-container\">\n\t\t\t<a href=\"http:\/\/astrojeje.com\/wp-content\/uploads\/2017\/02\/dessus_et_objectif.jpg\"\n\t\t\ttarget=\"_blank\" rel=\"noopener noreferrer\" \t\t>\n\t\t\t<img \n\tsrc=\"http:\/\/astrojeje.com\/wp-content\/uploads\/2017\/02\/dessus_et_objectif-272x182.jpg\" width=\"272\" height=\"182\" sizes=\"(max-width: 272px) 100vw, 272px\" alt=\"\" \t\tclass=\"so-widget-image\"\/>\n\t\t\t<\/a><\/div>\n\n<\/div><\/div><\/div><\/div><div id=\"pg-1357-4\"  class=\"panel-grid panel-no-style\" ><div id=\"pgc-1357-4-0\"  class=\"panel-grid-cell\" ><div id=\"panel-1357-4-0-0\" class=\"so-panel widget widget_sow-editor panel-first-child panel-last-child\" data-index=\"11\" ><div\n\t\t\t\n\t\t\tclass=\"so-widget-sow-editor so-widget-sow-editor-base\"\n\t\t\t\n\t\t>\n<div class=\"siteorigin-widget-tinymce textwidget\">\n\t<p>J'ai isol\u00e9 le dessous des r\u00e9sistances avec une petite pi\u00e8ce en aluminium , afin d'\u00e9viter qu'elles soient en contact avec le caoutchouc.\u00a0<\/p>\n<\/div>\n<\/div><\/div><\/div><div id=\"pgc-1357-4-1\"  class=\"panel-grid-cell\" ><div id=\"panel-1357-4-1-0\" class=\"so-panel widget widget_sow-image panel-first-child panel-last-child\" data-index=\"12\" ><div\n\t\t\t\n\t\t\tclass=\"so-widget-sow-image so-widget-sow-image-default-8b5b6f678277-1357\"\n\t\t\t\n\t\t>\n<div class=\"sow-image-container\">\n\t\t\t<a href=\"http:\/\/astrojeje.com\/wp-content\/uploads\/2017\/02\/resistance_isolation.jpg\"\n\t\t\ttarget=\"_blank\" rel=\"noopener noreferrer\" \t\t>\n\t\t\t<img \n\tsrc=\"http:\/\/astrojeje.com\/wp-content\/uploads\/2017\/02\/resistance_isolation-272x182.jpg\" width=\"272\" height=\"182\" sizes=\"(max-width: 272px) 100vw, 272px\" alt=\"\" \t\tclass=\"so-widget-image\"\/>\n\t\t\t<\/a><\/div>\n\n<\/div><\/div><\/div><div id=\"pgc-1357-4-2\"  class=\"panel-grid-cell\" ><div id=\"panel-1357-4-2-0\" class=\"so-panel widget widget_sow-editor panel-first-child panel-last-child\" data-index=\"13\" ><div\n\t\t\t\n\t\t\tclass=\"so-widget-sow-editor so-widget-sow-editor-base\"\n\t\t\t\n\t\t>\n<div class=\"siteorigin-widget-tinymce textwidget\">\n\t<p>Les vis de montage du globe.<\/p>\n<\/div>\n<\/div><\/div><\/div><div id=\"pgc-1357-4-3\"  class=\"panel-grid-cell\" ><div id=\"panel-1357-4-3-0\" class=\"so-panel widget widget_sow-image panel-first-child panel-last-child\" data-index=\"14\" ><div\n\t\t\t\n\t\t\tclass=\"so-widget-sow-image so-widget-sow-image-default-8b5b6f678277-1357\"\n\t\t\t\n\t\t>\n<div class=\"sow-image-container\">\n\t\t\t<a href=\"http:\/\/astrojeje.com\/wp-content\/uploads\/2017\/02\/vis_fixation.jpg\"\n\t\t\ttarget=\"_blank\" rel=\"noopener noreferrer\" \t\t>\n\t\t\t<img \n\tsrc=\"http:\/\/astrojeje.com\/wp-content\/uploads\/2017\/02\/vis_fixation-272x182.jpg\" width=\"272\" height=\"182\" sizes=\"(max-width: 272px) 100vw, 272px\" alt=\"\" \t\tclass=\"so-widget-image\"\/>\n\t\t\t<\/a><\/div>\n\n<\/div><\/div><\/div><\/div><div id=\"pg-1357-5\"  class=\"panel-grid panel-no-style\" ><div id=\"pgc-1357-5-0\"  class=\"panel-grid-cell panel-grid-cell-empty\" ><\/div><\/div><div id=\"pg-1357-6\"  class=\"panel-grid panel-no-style\" ><div id=\"pgc-1357-6-0\"  class=\"panel-grid-cell\" ><div id=\"panel-1357-6-0-0\" class=\"so-panel widget widget_sow-image panel-first-child panel-last-child\" data-index=\"15\" ><div\n\t\t\t\n\t\t\tclass=\"so-widget-sow-image so-widget-sow-image-default-8b5b6f678277-1357\"\n\t\t\t\n\t\t>\n<div class=\"sow-image-container\">\n\t\t\t<a href=\"http:\/\/astrojeje.com\/wp-content\/uploads\/2017\/02\/mat_meteo.jpg\"\n\t\t\ttarget=\"_blank\" rel=\"noopener noreferrer\" \t\t>\n\t\t\t<img \n\tsrc=\"http:\/\/astrojeje.com\/wp-content\/uploads\/2017\/02\/mat_meteo-300x221.jpg\" width=\"300\" height=\"221\" srcset=\"http:\/\/astrojeje.com\/wp-content\/uploads\/2017\/02\/mat_meteo-300x221.jpg 300w, http:\/\/astrojeje.com\/wp-content\/uploads\/2017\/02\/mat_meteo-768x567.jpg 768w, http:\/\/astrojeje.com\/wp-content\/uploads\/2017\/02\/mat_meteo-1024x756.jpg 1024w, http:\/\/astrojeje.com\/wp-content\/uploads\/2017\/02\/mat_meteo.jpg 1222w\" sizes=\"(max-width: 300px) 100vw, 300px\" title=\"Une vue de l&#039;ensemble du mat avec le allsky, le Cloud Watcher, an\u00e9mom\u00e8tre, pluviom\u00e8tre, sonde de temp\u00e9rature etc....\" alt=\"\" \t\tclass=\"so-widget-image\"\/>\n\t\t\t<\/a><\/div>\n\n<h3 class=\"widget-title\">Une vue de l'ensemble du mat avec le allsky, le Cloud Watcher, an\u00e9mom\u00e8tre, pluviom\u00e8tre, sonde de temp\u00e9rature etc....<\/h3><\/div><\/div><\/div><div id=\"pgc-1357-6-1\"  class=\"panel-grid-cell\" ><div id=\"panel-1357-6-1-0\" class=\"so-panel widget widget_sow-image panel-first-child panel-last-child\" data-index=\"16\" ><div\n\t\t\t\n\t\t\tclass=\"so-widget-sow-image so-widget-sow-image-default-8b5b6f678277-1357\"\n\t\t\t\n\t\t>\n<div class=\"sow-image-container\">\n\t\t\t<a href=\"http:\/\/astrojeje.com\/wp-content\/uploads\/2017\/02\/allsky_small.jpg\"\n\t\t\ttarget=\"_blank\" rel=\"noopener noreferrer\" \t\t>\n\t\t\t<img \n\tsrc=\"http:\/\/astrojeje.com\/wp-content\/uploads\/2017\/02\/allsky_small-300x200.jpg\" width=\"300\" height=\"200\" srcset=\"http:\/\/astrojeje.com\/wp-content\/uploads\/2017\/02\/allsky_small-300x200.jpg 300w, http:\/\/astrojeje.com\/wp-content\/uploads\/2017\/02\/allsky_small-272x182.jpg 272w, http:\/\/astrojeje.com\/wp-content\/uploads\/2017\/02\/allsky_small.jpg 320w\" sizes=\"(max-width: 300px) 100vw, 300px\" title=\"Montage sur la mat m\u00e9t\u00e9orologique :\" alt=\"\" \t\tclass=\"so-widget-image\"\/>\n\t\t\t<\/a><\/div>\n\n<h3 class=\"widget-title\">Montage sur la mat m\u00e9t\u00e9orologique :<\/h3><\/div><\/div><\/div><div id=\"pgc-1357-6-2\"  class=\"panel-grid-cell\" ><div id=\"panel-1357-6-2-0\" class=\"so-panel widget widget_sow-image panel-first-child panel-last-child\" data-index=\"17\" ><div\n\t\t\t\n\t\t\tclass=\"so-widget-sow-image so-widget-sow-image-default-8b5b6f678277-1357\"\n\t\t\t\n\t\t>\n<div class=\"sow-image-container\">\n\t\t\t<a href=\"http:\/\/astrojeje.com\/wp-content\/uploads\/2017\/02\/image_du_-ciel_de_jour.jpg\"\n\t\t\ttarget=\"_blank\" rel=\"noopener noreferrer\" \t\t>\n\t\t\t<img \n\tsrc=\"http:\/\/astrojeje.com\/wp-content\/uploads\/2017\/02\/image_du_-ciel_de_jour-300x215.jpg\" width=\"300\" height=\"215\" srcset=\"http:\/\/astrojeje.com\/wp-content\/uploads\/2017\/02\/image_du_-ciel_de_jour-300x215.jpg 300w, http:\/\/astrojeje.com\/wp-content\/uploads\/2017\/02\/image_du_-ciel_de_jour.jpg 584w\" sizes=\"(max-width: 300px) 100vw, 300px\" title=\"Le allsky en vision de jour\" alt=\"\" \t\tclass=\"so-widget-image\"\/>\n\t\t\t<\/a><\/div>\n\n<h3 class=\"widget-title\">Le allsky en vision de jour<\/h3><\/div><\/div><\/div><div id=\"pgc-1357-6-3\"  class=\"panel-grid-cell\" ><div id=\"panel-1357-6-3-0\" class=\"so-panel widget widget_sow-image panel-first-child panel-last-child\" data-index=\"18\" ><div\n\t\t\t\n\t\t\tclass=\"so-widget-sow-image so-widget-sow-image-default-8b5b6f678277-1357\"\n\t\t\t\n\t\t>\n<div class=\"sow-image-container\">\n\t\t\t<a href=\"http:\/\/astrojeje.com\/wp-content\/uploads\/2017\/02\/image_du_-ciel.jpg\"\n\t\t\ttarget=\"_blank\" rel=\"noopener noreferrer\" \t\t>\n\t\t\t<img \n\tsrc=\"http:\/\/astrojeje.com\/wp-content\/uploads\/2017\/02\/image_du_-ciel-300x211.jpg\" width=\"300\" height=\"211\" srcset=\"http:\/\/astrojeje.com\/wp-content\/uploads\/2017\/02\/image_du_-ciel-300x211.jpg 300w, http:\/\/astrojeje.com\/wp-content\/uploads\/2017\/02\/image_du_-ciel.jpg 589w\" sizes=\"(max-width: 300px) 100vw, 300px\" title=\"Le allsky en vision nocturne\" alt=\"\" \t\tclass=\"so-widget-image\"\/>\n\t\t\t<\/a><\/div>\n\n<h3 class=\"widget-title\">Le allsky en vision nocturne<\/h3><\/div><\/div><\/div><\/div><div id=\"pg-1357-7\"  class=\"panel-grid panel-no-style\" ><div id=\"pgc-1357-7-0\"  class=\"panel-grid-cell\" ><div id=\"panel-1357-7-0-0\" class=\"so-panel widget widget_sow-editor panel-first-child panel-last-child\" data-index=\"19\" ><div\n\t\t\t\n\t\t\tclass=\"so-widget-sow-editor so-widget-sow-editor-base\"\n\t\t\t\n\t\t>\n<div class=\"siteorigin-widget-tinymce textwidget\">\n\t<p>L'ensemble est pilotable avec le logiciel MaxPilote par une interface simple en USB le mode vid\u00e9o de windows. Je l'utilise aussi avec le programme \"Ispy\" http:\/\/www.ispyconnect.com\/<\/p>\n<p>La gestion est simple avec cette camera, il est possible de r\u00e9gler le temps d'exposition et le r\u00e9glage du gain. Pour une p\u00e9riode de ciel d\u00e9gag\u00e9 sans lune je suis \u00e0 un temps de pose d'environ 60s et un gain \u00e0 500.<\/p>\n<p>Le logiciel MaxPilote de mon ami Laurent Bourgon, offre la possibilit\u00e9 d'une optimisation du temps de pose en faite il intervient sur le temps de pose et le gain en mode automatique suivant la luminosit\u00e9 du ciel. Il est donc possible de l'utiliser en pleine journ\u00e9e. Ce logiciel perm\u00e9 \u00e9galement de mettre en incrustation les indications des points cardinaux.<\/p>\n<p>Derni\u00e8re chose il permet \u00e9galement la cr\u00e9ation d'une vid\u00e9o un bon moyen de conna\u00eetre le matin m\u00eame, les conditions d'imagerie de la nuit soit 6 h d'enregistrement. (visible sur ma page m\u00e9t\u00e9o).<\/p>\n<h1 id=\"product-name\" class=\"Style7\"><span style=\"color: #ff9900;\">Bon bricolage.....et bon ciel<\/span><\/h1>\n<p>J\u00e9r\u00f4me RUDELLE\u00a0\u00a9<\/p>\n<\/div>\n<\/div><\/div><\/div><\/div><\/div>","protected":false},"excerpt":{"rendered":"<p>Une page pour vous pr\u00e9senter la conception de mon allsky &#8220;tout le ciel&#8221;.\u00a0Visible en live sur la page m\u00e9t\u00e9o :\u00a0http:\/\/astrojeje.com\/index.php\/allsky-live\/En remote il est important de conna\u00eetre \u00e0 distance les conditions de m\u00e9t\u00e9o, certes il existe le &#8220;Cloud Watcher&#8221; pour avoir l&#8217;information en live, mais le allsky offre une large vision du ciel sur 360\u00b0 quelque&#8230; <\/p>\n<div class=\"read-more navbutton\"><a href=\"http:\/\/astrojeje.com\/index.php\/allsky-maison\/\">Read More<i class=\"fa fa-angle-double-right\"><\/i><\/a><\/div>\n","protected":false},"author":1,"featured_media":0,"parent":0,"menu_order":0,"comment_status":"closed","ping_status":"closed","template":"","meta":{"footnotes":""},"class_list":["post-1357","page","type-page","status-publish","hentry"],"_links":{"self":[{"href":"http:\/\/astrojeje.com\/index.php\/wp-json\/wp\/v2\/pages\/1357","targetHints":{"allow":["GET"]}}],"collection":[{"href":"http:\/\/astrojeje.com\/index.php\/wp-json\/wp\/v2\/pages"}],"about":[{"href":"http:\/\/astrojeje.com\/index.php\/wp-json\/wp\/v2\/types\/page"}],"author":[{"embeddable":true,"href":"http:\/\/astrojeje.com\/index.php\/wp-json\/wp\/v2\/users\/1"}],"replies":[{"embeddable":true,"href":"http:\/\/astrojeje.com\/index.php\/wp-json\/wp\/v2\/comments?post=1357"}],"version-history":[{"count":6,"href":"http:\/\/astrojeje.com\/index.php\/wp-json\/wp\/v2\/pages\/1357\/revisions"}],"predecessor-version":[{"id":1379,"href":"http:\/\/astrojeje.com\/index.php\/wp-json\/wp\/v2\/pages\/1357\/revisions\/1379"}],"wp:attachment":[{"href":"http:\/\/astrojeje.com\/index.php\/wp-json\/wp\/v2\/media?parent=1357"}],"curies":[{"name":"wp","href":"https:\/\/api.w.org\/{rel}","templated":true}]}}